{"id":3343,"date":"2024-03-29T14:14:35","date_gmt":"2024-03-29T13:14:35","guid":{"rendered":"https:\/\/www.procertus.be\/?post_type=avada_faq&#038;p=3343"},"modified":"2024-07-15T10:23:09","modified_gmt":"2024-07-15T08:23:09","slug":"mes-personnes-de-contact-restent-identiques","status":"publish","type":"avada_faq","link":"https:\/\/www.procertus.be\/fr\/faq-items\/mes-personnes-de-contact-restent-identiques\/","title":{"rendered":"Mes personnes de contact restent identiques ?"},"content":{"rendered":"<p>Votre gestionnaire de dossier reste le m\u00eame. Vous pourrez encore poser toutes vos questions \u00e0 cette personne. Le reste de l\u2019\u00e9quipe PROCERTUS est \u00e9galement disponible pour vous fournir des informations compl\u00e9mentaires.<\/p>\n<p>Vous pouvez prendre contact avec les collaborateurs de PROCERTUS de la mani\u00e8re suivante\u00a0:<\/p>\n<ul>\n<li>Par e-mail, en rempla\u00e7ant \u2018<em>be-cert.be<\/em>\u2019\u00a0ou \u2018<em>ocab-ocbs.com<\/em>\u2019 par \u2018<em>procertus.be<\/em>\u2019 dans les adresses e-mail existantes ;<\/li>\n<li>Par e-mail, en rempla\u00e7ant <em>&lsquo;pr\u00e9nom.nom@probeton.be&rsquo;<\/em> par &lsquo;<em>p.nom@procertus.be&rsquo;<\/em> (o\u00f9 p est la premi\u00e8re lettre du pr\u00e9nom) \u00a0;<\/li>\n<li>Par t\u00e9l\u00e9phone, au num\u00e9ro de t\u00e9l\u00e9phone fixe ou au num\u00e9ro de t\u00e9l\u00e9phone mobile que vous connaissez.<\/li>\n<\/ul>\n","protected":false},"excerpt":{"rendered":"<p>Votre gestionnaire de dossier reste le m\u00eame. Vous pourrez encore  [&#8230;]<\/p>\n","protected":false},"author":1,"featured_media":0,"menu_order":0,"comment_status":"closed","ping_status":"closed","template":"","format":"standard","meta":{"footnotes":""},"faq_category":[57],"class_list":["post-3343","avada_faq","type-avada_faq","status-publish","format-standard","hentry","faq_category-documents"],"yoast_head":"<!-- This site is optimized with the Yoast SEO plugin v26.9 - https:\/\/yoast.com\/product\/yoast-seo-wordpress\/ -->\n<title>Mes personnes de contact restent identiques ? | PROCERTUS<\/title>\n<meta name=\"robots\" content=\"index, follow, max-snippet:-1, max-image-preview:large, max-video-preview:-1\" \/>\n<link rel=\"canonical\" href=\"https:\/\/www.procertus.be\/fr\/faq-items\/mes-personnes-de-contact-restent-identiques\/\" \/>\n<meta property=\"og:locale\" content=\"fr_FR\" \/>\n<meta property=\"og:type\" content=\"article\" \/>\n<meta property=\"og:title\" content=\"Mes personnes de contact restent identiques ? | PROCERTUS\" \/>\n<meta property=\"og:description\" content=\"Votre gestionnaire de dossier reste le m\u00eame. Vous pourrez encore [...]\" \/>\n<meta property=\"og:url\" content=\"https:\/\/www.procertus.be\/fr\/faq-items\/mes-personnes-de-contact-restent-identiques\/\" \/>\n<meta property=\"og:site_name\" content=\"PROCERTUS\" \/>\n<meta property=\"article:modified_time\" content=\"2024-07-15T08:23:09+00:00\" \/>\n<meta property=\"og:image\" content=\"https:\/\/www.procertus.be\/wp-content\/uploads\/2024\/02\/Logo_Procertus_Full.png\" \/>\n\t<meta property=\"og:image:width\" content=\"767\" \/>\n\t<meta property=\"og:image:height\" content=\"200\" \/>\n\t<meta property=\"og:image:type\" content=\"image\/png\" \/>\n<meta name=\"twitter:card\" content=\"summary_large_image\" \/>\n<meta name=\"twitter:label1\" content=\"Dur\u00e9e de lecture estim\u00e9e\" \/>\n\t<meta name=\"twitter:data1\" content=\"1 minute\" \/>\n<script type=\"application\/ld+json\" class=\"yoast-schema-graph\">{\"@context\":\"https:\/\/schema.org\",\"@graph\":[{\"@type\":\"WebPage\",\"@id\":\"https:\/\/www.procertus.be\/fr\/faq-items\/mes-personnes-de-contact-restent-identiques\/\",\"url\":\"https:\/\/www.procertus.be\/fr\/faq-items\/mes-personnes-de-contact-restent-identiques\/\",\"name\":\"Mes personnes de contact restent identiques ? | PROCERTUS\",\"isPartOf\":{\"@id\":\"https:\/\/www.procertus.be\/fr\/#website\"},\"datePublished\":\"2024-03-29T13:14:35+00:00\",\"dateModified\":\"2024-07-15T08:23:09+00:00\",\"breadcrumb\":{\"@id\":\"https:\/\/www.procertus.be\/fr\/faq-items\/mes-personnes-de-contact-restent-identiques\/#breadcrumb\"},\"inLanguage\":\"fr-FR\",\"potentialAction\":[{\"@type\":\"ReadAction\",\"target\":[\"https:\/\/www.procertus.be\/fr\/faq-items\/mes-personnes-de-contact-restent-identiques\/\"]}]},{\"@type\":\"BreadcrumbList\",\"@id\":\"https:\/\/www.procertus.be\/fr\/faq-items\/mes-personnes-de-contact-restent-identiques\/#breadcrumb\",\"itemListElement\":[{\"@type\":\"ListItem\",\"position\":1,\"name\":\"Accueil\",\"item\":\"https:\/\/www.procertus.be\/fr\/\"},{\"@type\":\"ListItem\",\"position\":2,\"name\":\"FAQs\",\"item\":\"https:\/\/www.procertus.be\/fr\/faq-items\/\"},{\"@type\":\"ListItem\",\"position\":3,\"name\":\"Mes personnes de contact restent identiques ?\"}]},{\"@type\":\"WebSite\",\"@id\":\"https:\/\/www.procertus.be\/fr\/#website\",\"url\":\"https:\/\/www.procertus.be\/fr\/\",\"name\":\"PROCERTUS\",\"description\":\"Certification that builds trust\",\"publisher\":{\"@id\":\"https:\/\/www.procertus.be\/fr\/#organization\"},\"potentialAction\":[{\"@type\":\"SearchAction\",\"target\":{\"@type\":\"EntryPoint\",\"urlTemplate\":\"https:\/\/www.procertus.be\/fr\/?s={search_term_string}\"},\"query-input\":{\"@type\":\"PropertyValueSpecification\",\"valueRequired\":true,\"valueName\":\"search_term_string\"}}],\"inLanguage\":\"fr-FR\"},{\"@type\":\"Organization\",\"@id\":\"https:\/\/www.procertus.be\/fr\/#organization\",\"name\":\"PROCERTUS\",\"url\":\"https:\/\/www.procertus.be\/fr\/\",\"logo\":{\"@type\":\"ImageObject\",\"inLanguage\":\"fr-FR\",\"@id\":\"https:\/\/www.procertus.be\/fr\/#\/schema\/logo\/image\/\",\"url\":\"https:\/\/www.procertus.be\/wp-content\/uploads\/2024\/02\/Logo_Procertus_Full.png\",\"contentUrl\":\"https:\/\/www.procertus.be\/wp-content\/uploads\/2024\/02\/Logo_Procertus_Full.png\",\"width\":767,\"height\":200,\"caption\":\"PROCERTUS\"},\"image\":{\"@id\":\"https:\/\/www.procertus.be\/fr\/#\/schema\/logo\/image\/\"},\"sameAs\":[\"https:\/\/www.linkedin.com\/company\/procertusbe\"]}]}<\/script>\n<!-- \/ Yoast SEO plugin. -->","yoast_head_json":{"title":"Mes personnes de contact restent identiques ? | PROCERTUS","robots":{"index":"index","follow":"follow","max-snippet":"max-snippet:-1","max-image-preview":"max-image-preview:large","max-video-preview":"max-video-preview:-1"},"canonical":"https:\/\/www.procertus.be\/fr\/faq-items\/mes-personnes-de-contact-restent-identiques\/","og_locale":"fr_FR","og_type":"article","og_title":"Mes personnes de contact restent identiques ? | PROCERTUS","og_description":"Votre gestionnaire de dossier reste le m\u00eame. Vous pourrez encore [...]","og_url":"https:\/\/www.procertus.be\/fr\/faq-items\/mes-personnes-de-contact-restent-identiques\/","og_site_name":"PROCERTUS","article_modified_time":"2024-07-15T08:23:09+00:00","og_image":[{"width":767,"height":200,"url":"https:\/\/www.procertus.be\/wp-content\/uploads\/2024\/02\/Logo_Procertus_Full.png","type":"image\/png"}],"twitter_card":"summary_large_image","twitter_misc":{"Dur\u00e9e de lecture estim\u00e9e":"1 minute"},"schema":{"@context":"https:\/\/schema.org","@graph":[{"@type":"WebPage","@id":"https:\/\/www.procertus.be\/fr\/faq-items\/mes-personnes-de-contact-restent-identiques\/","url":"https:\/\/www.procertus.be\/fr\/faq-items\/mes-personnes-de-contact-restent-identiques\/","name":"Mes personnes de contact restent identiques ? | PROCERTUS","isPartOf":{"@id":"https:\/\/www.procertus.be\/fr\/#website"},"datePublished":"2024-03-29T13:14:35+00:00","dateModified":"2024-07-15T08:23:09+00:00","breadcrumb":{"@id":"https:\/\/www.procertus.be\/fr\/faq-items\/mes-personnes-de-contact-restent-identiques\/#breadcrumb"},"inLanguage":"fr-FR","potentialAction":[{"@type":"ReadAction","target":["https:\/\/www.procertus.be\/fr\/faq-items\/mes-personnes-de-contact-restent-identiques\/"]}]},{"@type":"BreadcrumbList","@id":"https:\/\/www.procertus.be\/fr\/faq-items\/mes-personnes-de-contact-restent-identiques\/#breadcrumb","itemListElement":[{"@type":"ListItem","position":1,"name":"Accueil","item":"https:\/\/www.procertus.be\/fr\/"},{"@type":"ListItem","position":2,"name":"FAQs","item":"https:\/\/www.procertus.be\/fr\/faq-items\/"},{"@type":"ListItem","position":3,"name":"Mes personnes de contact restent identiques ?"}]},{"@type":"WebSite","@id":"https:\/\/www.procertus.be\/fr\/#website","url":"https:\/\/www.procertus.be\/fr\/","name":"PROCERTUS","description":"Certification that builds trust","publisher":{"@id":"https:\/\/www.procertus.be\/fr\/#organization"},"potentialAction":[{"@type":"SearchAction","target":{"@type":"EntryPoint","urlTemplate":"https:\/\/www.procertus.be\/fr\/?s={search_term_string}"},"query-input":{"@type":"PropertyValueSpecification","valueRequired":true,"valueName":"search_term_string"}}],"inLanguage":"fr-FR"},{"@type":"Organization","@id":"https:\/\/www.procertus.be\/fr\/#organization","name":"PROCERTUS","url":"https:\/\/www.procertus.be\/fr\/","logo":{"@type":"ImageObject","inLanguage":"fr-FR","@id":"https:\/\/www.procertus.be\/fr\/#\/schema\/logo\/image\/","url":"https:\/\/www.procertus.be\/wp-content\/uploads\/2024\/02\/Logo_Procertus_Full.png","contentUrl":"https:\/\/www.procertus.be\/wp-content\/uploads\/2024\/02\/Logo_Procertus_Full.png","width":767,"height":200,"caption":"PROCERTUS"},"image":{"@id":"https:\/\/www.procertus.be\/fr\/#\/schema\/logo\/image\/"},"sameAs":["https:\/\/www.linkedin.com\/company\/procertusbe"]}]}},"_links":{"self":[{"href":"https:\/\/www.procertus.be\/fr\/wp-json\/wp\/v2\/avada_faq\/3343","targetHints":{"allow":["GET"]}}],"collection":[{"href":"https:\/\/www.procertus.be\/fr\/wp-json\/wp\/v2\/avada_faq"}],"about":[{"href":"https:\/\/www.procertus.be\/fr\/wp-json\/wp\/v2\/types\/avada_faq"}],"author":[{"embeddable":true,"href":"https:\/\/www.procertus.be\/fr\/wp-json\/wp\/v2\/users\/1"}],"replies":[{"embeddable":true,"href":"https:\/\/www.procertus.be\/fr\/wp-json\/wp\/v2\/comments?post=3343"}],"version-history":[{"count":4,"href":"https:\/\/www.procertus.be\/fr\/wp-json\/wp\/v2\/avada_faq\/3343\/revisions"}],"predecessor-version":[{"id":3446,"href":"https:\/\/www.procertus.be\/fr\/wp-json\/wp\/v2\/avada_faq\/3343\/revisions\/3446"}],"wp:attachment":[{"href":"https:\/\/www.procertus.be\/fr\/wp-json\/wp\/v2\/media?parent=3343"}],"wp:term":[{"taxonomy":"faq_category","embeddable":true,"href":"https:\/\/www.procertus.be\/fr\/wp-json\/wp\/v2\/faq_category?post=3343"}],"curies":[{"name":"wp","href":"https:\/\/api.w.org\/{rel}","templated":true}]}}

<p>Votre gestionnaire de dossier reste le même. Vous pourrez encore poser toutes vos questions à cette personne. Le reste de l’équipe PROCERTUS est également disponible pour vous fournir des informations complémentaires.</p>
<p>Vous pouvez prendre contact avec les collaborateurs de PROCERTUS de la manière suivante :</p>
<ul>
<li>Par e-mail, en remplaçant ‘<em>be-cert.be</em>’ ou ‘<em>ocab-ocbs.com</em>’ par ‘<em>procertus.be</em>’ dans les adresses e-mail existantes ;</li>
<li>Par e-mail, en remplaçant <em>&lsquo;prénom.nom@probeton.be&rsquo;</em> par &lsquo;<em>p.nom@procertus.be&rsquo;</em> (où p est la première lettre du prénom)  ;</li>
<li>Par téléphone, au numéro de téléphone fixe ou au numéro de téléphone mobile que vous connaissez.</li>
</ul>

<p>Votre gestionnaire de dossier reste le même. Vous pourrez encore  [&#8230;]</p>

<!-- This site is optimized with the Yoast SEO plugin v26.9 - https://yoast.com/product/yoast-seo-wordpress/ -->
<title>Mes personnes de contact restent identiques ? | PROCERTUS</title>
<meta name="robots" content="index, follow, max-snippet:-1, max-image-preview:large, max-video-preview:-1" />
<link rel="canonical" href="https://www.procertus.be/fr/faq-items/mes-personnes-de-contact-restent-identiques/" />
<meta property="og:locale" content="fr_FR" />
<meta property="og:type" content="article" />
<meta property="og:title" content="Mes personnes de contact restent identiques ? | PROCERTUS" />
<meta property="og:description" content="Votre gestionnaire de dossier reste le même. Vous pourrez encore [...]" />
<meta property="og:url" content="https://www.procertus.be/fr/faq-items/mes-personnes-de-contact-restent-identiques/" />
<meta property="og:site_name" content="PROCERTUS" />
<meta property="article:modified_time" content="2024-07-15T08:23:09+00:00" />
<meta property="og:image" content="https://www.procertus.be/wp-content/uploads/2024/02/Logo_Procertus_Full.png" />
	<meta property="og:image:width" content="767" />
	<meta property="og:image:height" content="200" />
	<meta property="og:image:type" content="image/png" />
<meta name="twitter:card" content="summary_large_image" />
<meta name="twitter:label1" content="Durée de lecture estimée" />
	<meta name="twitter:data1" content="1 minute" />
<script type="application/ld+json" class="yoast-schema-graph">{"@context":"https://schema.org","@graph":[{"@type":"WebPage","@id":"https://www.procertus.be/fr/faq-items/mes-personnes-de-contact-restent-identiques/","url":"https://www.procertus.be/fr/faq-items/mes-personnes-de-contact-restent-identiques/","name":"Mes personnes de contact restent identiques ? | PROCERTUS","isPartOf":{"@id":"https://www.procertus.be/fr/#website"},"datePublished":"2024-03-29T13:14:35+00:00","dateModified":"2024-07-15T08:23:09+00:00","breadcrumb":{"@id":"https://www.procertus.be/fr/faq-items/mes-personnes-de-contact-restent-identiques/#breadcrumb"},"inLanguage":"fr-FR","potentialAction":[{"@type":"ReadAction","target":["https://www.procertus.be/fr/faq-items/mes-personnes-de-contact-restent-identiques/"]}]},{"@type":"BreadcrumbList","@id":"https://www.procertus.be/fr/faq-items/mes-personnes-de-contact-restent-identiques/#breadcrumb","itemListElement":[{"@type":"ListItem","position":1,"name":"Accueil","item":"https://www.procertus.be/fr/"},{"@type":"ListItem","position":2,"name":"FAQs","item":"https://www.procertus.be/fr/faq-items/"},{"@type":"ListItem","position":3,"name":"Mes personnes de contact restent identiques ?"}]},{"@type":"WebSite","@id":"https://www.procertus.be/fr/#website","url":"https://www.procertus.be/fr/","name":"PROCERTUS","description":"Certification that builds trust","publisher":{"@id":"https://www.procertus.be/fr/#organization"},"potentialAction":[{"@type":"SearchAction","target":{"@type":"EntryPoint","urlTemplate":"https://www.procertus.be/fr/?s={search_term_string}"},"query-input":{"@type":"PropertyValueSpecification","valueRequired":true,"valueName":"search_term_string"}}],"inLanguage":"fr-FR"},{"@type":"Organization","@id":"https://www.procertus.be/fr/#organization","name":"PROCERTUS","url":"https://www.procertus.be/fr/","logo":{"@type":"ImageObject","inLanguage":"fr-FR","@id":"https://www.procertus.be/fr/#/schema/logo/image/","url":"https://www.procertus.be/wp-content/uploads/2024/02/Logo_Procertus_Full.png","contentUrl":"https://www.procertus.be/wp-content/uploads/2024/02/Logo_Procertus_Full.png","width":767,"height":200,"caption":"PROCERTUS"},"image":{"@id":"https://www.procertus.be/fr/#/schema/logo/image/"},"sameAs":["https://www.linkedin.com/company/procertusbe"]}]}</script>
<!-- / Yoast SEO plugin. -->

Votre gestionnaire de dossier reste le même. Vous pourrez encore [...]
