{"id":3352,"date":"2024-03-29T14:19:00","date_gmt":"2024-03-29T13:19:00","guid":{"rendered":"https:\/\/www.procertus.be\/?post_type=avada_faq&#038;p=3352"},"modified":"2024-07-15T10:24:26","modified_gmt":"2024-07-15T08:24:26","slug":"la-visite-dinspection-ou-laudit-deja-planifies-sont-ils-maintenus","status":"publish","type":"avada_faq","link":"https:\/\/www.procertus.be\/fr\/faq-items\/la-visite-dinspection-ou-laudit-deja-planifies-sont-ils-maintenus\/","title":{"rendered":"La visite d\u2019inspection ou l\u2019audit d\u00e9j\u00e0 planifi\u00e9s sont-ils maintenus ?"},"content":{"rendered":"<p>Toutes les missions d\u00e9j\u00e0 planifi\u00e9es restent valables chez PROCERTUS. Aucune action compl\u00e9mentaire n\u2019est requise de votre part.<\/p>\n","protected":false},"excerpt":{"rendered":"<p>Toutes les missions d\u00e9j\u00e0 planifi\u00e9es restent valables chez PROCERTUS. Aucune  [&#8230;]<\/p>\n","protected":false},"author":1,"featured_media":0,"menu_order":0,"comment_status":"closed","ping_status":"closed","template":"","format":"standard","meta":{"footnotes":""},"faq_category":[57],"class_list":["post-3352","avada_faq","type-avada_faq","status-publish","format-standard","hentry","faq_category-documents"],"yoast_head":"<!-- This site is optimized with the Yoast SEO plugin v26.9 - https:\/\/yoast.com\/product\/yoast-seo-wordpress\/ -->\n<title>La visite d\u2019inspection ou l\u2019audit d\u00e9j\u00e0 planifi\u00e9s sont-ils maintenus ? | PROCERTUS<\/title>\n<meta name=\"robots\" content=\"index, follow, max-snippet:-1, max-image-preview:large, max-video-preview:-1\" \/>\n<link rel=\"canonical\" href=\"https:\/\/www.procertus.be\/fr\/faq-items\/la-visite-dinspection-ou-laudit-deja-planifies-sont-ils-maintenus\/\" \/>\n<meta property=\"og:locale\" content=\"fr_FR\" \/>\n<meta property=\"og:type\" content=\"article\" \/>\n<meta property=\"og:title\" content=\"La visite d\u2019inspection ou l\u2019audit d\u00e9j\u00e0 planifi\u00e9s sont-ils maintenus ? | PROCERTUS\" \/>\n<meta property=\"og:description\" content=\"Toutes les missions d\u00e9j\u00e0 planifi\u00e9es restent valables chez PROCERTUS. Aucune [...]\" \/>\n<meta property=\"og:url\" content=\"https:\/\/www.procertus.be\/fr\/faq-items\/la-visite-dinspection-ou-laudit-deja-planifies-sont-ils-maintenus\/\" \/>\n<meta property=\"og:site_name\" content=\"PROCERTUS\" \/>\n<meta property=\"article:modified_time\" content=\"2024-07-15T08:24:26+00:00\" \/>\n<meta property=\"og:image\" content=\"https:\/\/www.procertus.be\/wp-content\/uploads\/2024\/02\/Logo_Procertus_Full.png\" \/>\n\t<meta property=\"og:image:width\" content=\"767\" \/>\n\t<meta property=\"og:image:height\" content=\"200\" \/>\n\t<meta property=\"og:image:type\" content=\"image\/png\" \/>\n<meta name=\"twitter:card\" content=\"summary_large_image\" \/>\n<meta name=\"twitter:label1\" content=\"Dur\u00e9e de lecture estim\u00e9e\" \/>\n\t<meta name=\"twitter:data1\" content=\"1 minute\" \/>\n<script type=\"application\/ld+json\" class=\"yoast-schema-graph\">{\"@context\":\"https:\/\/schema.org\",\"@graph\":[{\"@type\":\"WebPage\",\"@id\":\"https:\/\/www.procertus.be\/fr\/faq-items\/la-visite-dinspection-ou-laudit-deja-planifies-sont-ils-maintenus\/\",\"url\":\"https:\/\/www.procertus.be\/fr\/faq-items\/la-visite-dinspection-ou-laudit-deja-planifies-sont-ils-maintenus\/\",\"name\":\"La visite d\u2019inspection ou l\u2019audit d\u00e9j\u00e0 planifi\u00e9s sont-ils maintenus ? | PROCERTUS\",\"isPartOf\":{\"@id\":\"https:\/\/www.procertus.be\/fr\/#website\"},\"datePublished\":\"2024-03-29T13:19:00+00:00\",\"dateModified\":\"2024-07-15T08:24:26+00:00\",\"breadcrumb\":{\"@id\":\"https:\/\/www.procertus.be\/fr\/faq-items\/la-visite-dinspection-ou-laudit-deja-planifies-sont-ils-maintenus\/#breadcrumb\"},\"inLanguage\":\"fr-FR\",\"potentialAction\":[{\"@type\":\"ReadAction\",\"target\":[\"https:\/\/www.procertus.be\/fr\/faq-items\/la-visite-dinspection-ou-laudit-deja-planifies-sont-ils-maintenus\/\"]}]},{\"@type\":\"BreadcrumbList\",\"@id\":\"https:\/\/www.procertus.be\/fr\/faq-items\/la-visite-dinspection-ou-laudit-deja-planifies-sont-ils-maintenus\/#breadcrumb\",\"itemListElement\":[{\"@type\":\"ListItem\",\"position\":1,\"name\":\"Accueil\",\"item\":\"https:\/\/www.procertus.be\/fr\/\"},{\"@type\":\"ListItem\",\"position\":2,\"name\":\"FAQs\",\"item\":\"https:\/\/www.procertus.be\/fr\/faq-items\/\"},{\"@type\":\"ListItem\",\"position\":3,\"name\":\"La visite d\u2019inspection ou l\u2019audit d\u00e9j\u00e0 planifi\u00e9s sont-ils maintenus ?\"}]},{\"@type\":\"WebSite\",\"@id\":\"https:\/\/www.procertus.be\/fr\/#website\",\"url\":\"https:\/\/www.procertus.be\/fr\/\",\"name\":\"PROCERTUS\",\"description\":\"Certification that builds trust\",\"publisher\":{\"@id\":\"https:\/\/www.procertus.be\/fr\/#organization\"},\"potentialAction\":[{\"@type\":\"SearchAction\",\"target\":{\"@type\":\"EntryPoint\",\"urlTemplate\":\"https:\/\/www.procertus.be\/fr\/?s={search_term_string}\"},\"query-input\":{\"@type\":\"PropertyValueSpecification\",\"valueRequired\":true,\"valueName\":\"search_term_string\"}}],\"inLanguage\":\"fr-FR\"},{\"@type\":\"Organization\",\"@id\":\"https:\/\/www.procertus.be\/fr\/#organization\",\"name\":\"PROCERTUS\",\"url\":\"https:\/\/www.procertus.be\/fr\/\",\"logo\":{\"@type\":\"ImageObject\",\"inLanguage\":\"fr-FR\",\"@id\":\"https:\/\/www.procertus.be\/fr\/#\/schema\/logo\/image\/\",\"url\":\"https:\/\/www.procertus.be\/wp-content\/uploads\/2024\/02\/Logo_Procertus_Full.png\",\"contentUrl\":\"https:\/\/www.procertus.be\/wp-content\/uploads\/2024\/02\/Logo_Procertus_Full.png\",\"width\":767,\"height\":200,\"caption\":\"PROCERTUS\"},\"image\":{\"@id\":\"https:\/\/www.procertus.be\/fr\/#\/schema\/logo\/image\/\"},\"sameAs\":[\"https:\/\/www.linkedin.com\/company\/procertusbe\"]}]}<\/script>\n<!-- \/ Yoast SEO plugin. -->","yoast_head_json":{"title":"La visite d\u2019inspection ou l\u2019audit d\u00e9j\u00e0 planifi\u00e9s sont-ils maintenus ? | PROCERTUS","robots":{"index":"index","follow":"follow","max-snippet":"max-snippet:-1","max-image-preview":"max-image-preview:large","max-video-preview":"max-video-preview:-1"},"canonical":"https:\/\/www.procertus.be\/fr\/faq-items\/la-visite-dinspection-ou-laudit-deja-planifies-sont-ils-maintenus\/","og_locale":"fr_FR","og_type":"article","og_title":"La visite d\u2019inspection ou l\u2019audit d\u00e9j\u00e0 planifi\u00e9s sont-ils maintenus ? | PROCERTUS","og_description":"Toutes les missions d\u00e9j\u00e0 planifi\u00e9es restent valables chez PROCERTUS. Aucune [...]","og_url":"https:\/\/www.procertus.be\/fr\/faq-items\/la-visite-dinspection-ou-laudit-deja-planifies-sont-ils-maintenus\/","og_site_name":"PROCERTUS","article_modified_time":"2024-07-15T08:24:26+00:00","og_image":[{"width":767,"height":200,"url":"https:\/\/www.procertus.be\/wp-content\/uploads\/2024\/02\/Logo_Procertus_Full.png","type":"image\/png"}],"twitter_card":"summary_large_image","twitter_misc":{"Dur\u00e9e de lecture estim\u00e9e":"1 minute"},"schema":{"@context":"https:\/\/schema.org","@graph":[{"@type":"WebPage","@id":"https:\/\/www.procertus.be\/fr\/faq-items\/la-visite-dinspection-ou-laudit-deja-planifies-sont-ils-maintenus\/","url":"https:\/\/www.procertus.be\/fr\/faq-items\/la-visite-dinspection-ou-laudit-deja-planifies-sont-ils-maintenus\/","name":"La visite d\u2019inspection ou l\u2019audit d\u00e9j\u00e0 planifi\u00e9s sont-ils maintenus ? | PROCERTUS","isPartOf":{"@id":"https:\/\/www.procertus.be\/fr\/#website"},"datePublished":"2024-03-29T13:19:00+00:00","dateModified":"2024-07-15T08:24:26+00:00","breadcrumb":{"@id":"https:\/\/www.procertus.be\/fr\/faq-items\/la-visite-dinspection-ou-laudit-deja-planifies-sont-ils-maintenus\/#breadcrumb"},"inLanguage":"fr-FR","potentialAction":[{"@type":"ReadAction","target":["https:\/\/www.procertus.be\/fr\/faq-items\/la-visite-dinspection-ou-laudit-deja-planifies-sont-ils-maintenus\/"]}]},{"@type":"BreadcrumbList","@id":"https:\/\/www.procertus.be\/fr\/faq-items\/la-visite-dinspection-ou-laudit-deja-planifies-sont-ils-maintenus\/#breadcrumb","itemListElement":[{"@type":"ListItem","position":1,"name":"Accueil","item":"https:\/\/www.procertus.be\/fr\/"},{"@type":"ListItem","position":2,"name":"FAQs","item":"https:\/\/www.procertus.be\/fr\/faq-items\/"},{"@type":"ListItem","position":3,"name":"La visite d\u2019inspection ou l\u2019audit d\u00e9j\u00e0 planifi\u00e9s sont-ils maintenus ?"}]},{"@type":"WebSite","@id":"https:\/\/www.procertus.be\/fr\/#website","url":"https:\/\/www.procertus.be\/fr\/","name":"PROCERTUS","description":"Certification that builds trust","publisher":{"@id":"https:\/\/www.procertus.be\/fr\/#organization"},"potentialAction":[{"@type":"SearchAction","target":{"@type":"EntryPoint","urlTemplate":"https:\/\/www.procertus.be\/fr\/?s={search_term_string}"},"query-input":{"@type":"PropertyValueSpecification","valueRequired":true,"valueName":"search_term_string"}}],"inLanguage":"fr-FR"},{"@type":"Organization","@id":"https:\/\/www.procertus.be\/fr\/#organization","name":"PROCERTUS","url":"https:\/\/www.procertus.be\/fr\/","logo":{"@type":"ImageObject","inLanguage":"fr-FR","@id":"https:\/\/www.procertus.be\/fr\/#\/schema\/logo\/image\/","url":"https:\/\/www.procertus.be\/wp-content\/uploads\/2024\/02\/Logo_Procertus_Full.png","contentUrl":"https:\/\/www.procertus.be\/wp-content\/uploads\/2024\/02\/Logo_Procertus_Full.png","width":767,"height":200,"caption":"PROCERTUS"},"image":{"@id":"https:\/\/www.procertus.be\/fr\/#\/schema\/logo\/image\/"},"sameAs":["https:\/\/www.linkedin.com\/company\/procertusbe"]}]}},"_links":{"self":[{"href":"https:\/\/www.procertus.be\/fr\/wp-json\/wp\/v2\/avada_faq\/3352","targetHints":{"allow":["GET"]}}],"collection":[{"href":"https:\/\/www.procertus.be\/fr\/wp-json\/wp\/v2\/avada_faq"}],"about":[{"href":"https:\/\/www.procertus.be\/fr\/wp-json\/wp\/v2\/types\/avada_faq"}],"author":[{"embeddable":true,"href":"https:\/\/www.procertus.be\/fr\/wp-json\/wp\/v2\/users\/1"}],"replies":[{"embeddable":true,"href":"https:\/\/www.procertus.be\/fr\/wp-json\/wp\/v2\/comments?post=3352"}],"version-history":[{"count":1,"href":"https:\/\/www.procertus.be\/fr\/wp-json\/wp\/v2\/avada_faq\/3352\/revisions"}],"predecessor-version":[{"id":3353,"href":"https:\/\/www.procertus.be\/fr\/wp-json\/wp\/v2\/avada_faq\/3352\/revisions\/3353"}],"wp:attachment":[{"href":"https:\/\/www.procertus.be\/fr\/wp-json\/wp\/v2\/media?parent=3352"}],"wp:term":[{"taxonomy":"faq_category","embeddable":true,"href":"https:\/\/www.procertus.be\/fr\/wp-json\/wp\/v2\/faq_category?post=3352"}],"curies":[{"name":"wp","href":"https:\/\/api.w.org\/{rel}","templated":true}]}}

La visite d’inspection ou l’audit déjà planifiés sont-ils maintenus ?

<p>Toutes les missions déjà planifiées restent valables chez PROCERTUS. Aucune action complémentaire n’est requise de votre part.</p>

<p>Toutes les missions déjà planifiées restent valables chez PROCERTUS. Aucune  [&#8230;]</p>

<!-- This site is optimized with the Yoast SEO plugin v26.9 - https://yoast.com/product/yoast-seo-wordpress/ -->
<title>La visite d’inspection ou l’audit déjà planifiés sont-ils maintenus ? | PROCERTUS</title>
<meta name="robots" content="index, follow, max-snippet:-1, max-image-preview:large, max-video-preview:-1" />
<link rel="canonical" href="https://www.procertus.be/fr/faq-items/la-visite-dinspection-ou-laudit-deja-planifies-sont-ils-maintenus/" />
<meta property="og:locale" content="fr_FR" />
<meta property="og:type" content="article" />
<meta property="og:title" content="La visite d’inspection ou l’audit déjà planifiés sont-ils maintenus ? | PROCERTUS" />
<meta property="og:description" content="Toutes les missions déjà planifiées restent valables chez PROCERTUS. Aucune [...]" />
<meta property="og:url" content="https://www.procertus.be/fr/faq-items/la-visite-dinspection-ou-laudit-deja-planifies-sont-ils-maintenus/" />
<meta property="og:site_name" content="PROCERTUS" />
<meta property="article:modified_time" content="2024-07-15T08:24:26+00:00" />
<meta property="og:image" content="https://www.procertus.be/wp-content/uploads/2024/02/Logo_Procertus_Full.png" />
	<meta property="og:image:width" content="767" />
	<meta property="og:image:height" content="200" />
	<meta property="og:image:type" content="image/png" />
<meta name="twitter:card" content="summary_large_image" />
<meta name="twitter:label1" content="Durée de lecture estimée" />
	<meta name="twitter:data1" content="1 minute" />
<script type="application/ld+json" class="yoast-schema-graph">{"@context":"https://schema.org","@graph":[{"@type":"WebPage","@id":"https://www.procertus.be/fr/faq-items/la-visite-dinspection-ou-laudit-deja-planifies-sont-ils-maintenus/","url":"https://www.procertus.be/fr/faq-items/la-visite-dinspection-ou-laudit-deja-planifies-sont-ils-maintenus/","name":"La visite d’inspection ou l’audit déjà planifiés sont-ils maintenus ? | PROCERTUS","isPartOf":{"@id":"https://www.procertus.be/fr/#website"},"datePublished":"2024-03-29T13:19:00+00:00","dateModified":"2024-07-15T08:24:26+00:00","breadcrumb":{"@id":"https://www.procertus.be/fr/faq-items/la-visite-dinspection-ou-laudit-deja-planifies-sont-ils-maintenus/#breadcrumb"},"inLanguage":"fr-FR","potentialAction":[{"@type":"ReadAction","target":["https://www.procertus.be/fr/faq-items/la-visite-dinspection-ou-laudit-deja-planifies-sont-ils-maintenus/"]}]},{"@type":"BreadcrumbList","@id":"https://www.procertus.be/fr/faq-items/la-visite-dinspection-ou-laudit-deja-planifies-sont-ils-maintenus/#breadcrumb","itemListElement":[{"@type":"ListItem","position":1,"name":"Accueil","item":"https://www.procertus.be/fr/"},{"@type":"ListItem","position":2,"name":"FAQs","item":"https://www.procertus.be/fr/faq-items/"},{"@type":"ListItem","position":3,"name":"La visite d’inspection ou l’audit déjà planifiés sont-ils maintenus ?"}]},{"@type":"WebSite","@id":"https://www.procertus.be/fr/#website","url":"https://www.procertus.be/fr/","name":"PROCERTUS","description":"Certification that builds trust","publisher":{"@id":"https://www.procertus.be/fr/#organization"},"potentialAction":[{"@type":"SearchAction","target":{"@type":"EntryPoint","urlTemplate":"https://www.procertus.be/fr/?s={search_term_string}"},"query-input":{"@type":"PropertyValueSpecification","valueRequired":true,"valueName":"search_term_string"}}],"inLanguage":"fr-FR"},{"@type":"Organization","@id":"https://www.procertus.be/fr/#organization","name":"PROCERTUS","url":"https://www.procertus.be/fr/","logo":{"@type":"ImageObject","inLanguage":"fr-FR","@id":"https://www.procertus.be/fr/#/schema/logo/image/","url":"https://www.procertus.be/wp-content/uploads/2024/02/Logo_Procertus_Full.png","contentUrl":"https://www.procertus.be/wp-content/uploads/2024/02/Logo_Procertus_Full.png","width":767,"height":200,"caption":"PROCERTUS"},"image":{"@id":"https://www.procertus.be/fr/#/schema/logo/image/"},"sameAs":["https://www.linkedin.com/company/procertusbe"]}]}</script>
<!-- / Yoast SEO plugin. -->

La visite d’inspection ou l’audit déjà planifiés sont-ils maintenus ? | PROCERTUS

Toutes les missions déjà planifiées restent valables chez PROCERTUS. Aucune [...]
