{"id":3668,"date":"2024-07-05T10:11:03","date_gmt":"2024-07-05T08:11:03","guid":{"rendered":"https:\/\/www.procertus.be\/faq-items\/a-la-suite-du-transfert-de-be-cert-vers-procertus-dois-je-apporter-des-modifications-lorsque-japplique-le-marquage-ce-dans-les-documents-daccompagnement\/"},"modified":"2024-07-05T10:11:03","modified_gmt":"2024-07-05T08:11:03","slug":"a-la-suite-du-transfert-de-be-cert-vers-procertus-dois-je-apporter-des-modifications-lorsque-japplique-le-marquage-ce-dans-les-documents-daccompagnement","status":"publish","type":"avada_faq","link":"https:\/\/www.procertus.be\/fr\/faq-items\/a-la-suite-du-transfert-de-be-cert-vers-procertus-dois-je-apporter-des-modifications-lorsque-japplique-le-marquage-ce-dans-les-documents-daccompagnement\/","title":{"rendered":"A la suite du transfert de BE-CERT vers PROCERTUS, dois-je apporter des modifications lorsque j\u2019applique le marquage CE dans les documents d\u2019accompagnement ?"},"content":{"rendered":"<p><strong>NON<\/strong><\/p>\n<p>Le marquage CE est suivi entre autres du num\u00e9ro de r\u00e9f\u00e9rence de la d\u00e9claration des performances (DoP) et du num\u00e9ro d\u2019identification de l\u2019organisme notifi\u00e9 (0965).<\/p>\n<ul>\n<li>\u00c9tant donn\u00e9 que le num\u00e9ro de r\u00e9f\u00e9rence de la d\u00e9claration des performances (DoP) peut \u00eatre choisi librement, vous pouvez continuer d\u2019utiliser vos documents. Vous devez toutefois veiller \u00e0 ce que le m\u00eame num\u00e9ro soit mentionn\u00e9 lorsque vous appliquez le marquage CE (documents et emballages). Si vous choisissez quand m\u00eame un nouveau num\u00e9ro (par exemple le nouveau num\u00e9ro de certificat), vous devez veiller \u00e0 ce que ce nouveau num\u00e9ro soit toujours mentionn\u00e9 lorsque vous appliquez le marquage CE (d\u00e9claration des performances (DoP) et emballages).<\/li>\n<li>Le num\u00e9ro d\u2019identification de BE-CERT en tant qu\u2019organisme notifi\u00e9 (0965) a \u00e9t\u00e9 repris par PROCERTUS et ne doit donc pas \u00eatre modifi\u00e9.<\/li>\n<\/ul>\n","protected":false},"excerpt":{"rendered":"<p>NON Le marquage CE est suivi entre autres du num\u00e9ro  [&#8230;]<\/p>\n","protected":false},"author":2,"featured_media":0,"menu_order":0,"comment_status":"closed","ping_status":"closed","template":"","format":"standard","meta":{"footnotes":""},"faq_category":[79],"class_list":["post-3668","avada_faq","type-avada_faq","status-publish","format-standard","hentry","faq_category-cement-ce-markering-2"],"yoast_head":"<!-- This site is optimized with the Yoast SEO plugin v26.9 - https:\/\/yoast.com\/product\/yoast-seo-wordpress\/ -->\n<title>A la suite du transfert de BE-CERT vers PROCERTUS, dois-je apporter des modifications lorsque j\u2019applique le marquage CE dans les documents d\u2019accompagnement ? | PROCERTUS<\/title>\n<meta name=\"robots\" content=\"index, follow, max-snippet:-1, max-image-preview:large, max-video-preview:-1\" \/>\n<link rel=\"canonical\" href=\"https:\/\/www.procertus.be\/faq-items\/a-la-suite-du-transfert-de-be-cert-vers-procertus-dois-je-apporter-des-modifications-lorsque-japplique-le-marquage-ce-dans-les-documents-daccompagnement\/\" \/>\n<meta property=\"og:locale\" content=\"fr_FR\" \/>\n<meta property=\"og:type\" content=\"article\" \/>\n<meta property=\"og:title\" content=\"A la suite du transfert de BE-CERT vers PROCERTUS, dois-je apporter des modifications lorsque j\u2019applique le marquage CE dans les documents d\u2019accompagnement ? | PROCERTUS\" \/>\n<meta property=\"og:description\" content=\"NON Le marquage CE est suivi entre autres du num\u00e9ro [...]\" \/>\n<meta property=\"og:url\" content=\"https:\/\/www.procertus.be\/faq-items\/a-la-suite-du-transfert-de-be-cert-vers-procertus-dois-je-apporter-des-modifications-lorsque-japplique-le-marquage-ce-dans-les-documents-daccompagnement\/\" \/>\n<meta property=\"og:site_name\" content=\"PROCERTUS\" \/>\n<meta property=\"og:image\" content=\"https:\/\/www.procertus.be\/wp-content\/uploads\/2024\/02\/Logo_Procertus_Full.png\" \/>\n\t<meta property=\"og:image:width\" content=\"767\" \/>\n\t<meta property=\"og:image:height\" content=\"200\" \/>\n\t<meta property=\"og:image:type\" content=\"image\/png\" \/>\n<meta name=\"twitter:card\" content=\"summary_large_image\" \/>\n<meta name=\"twitter:label1\" content=\"Dur\u00e9e de lecture estim\u00e9e\" \/>\n\t<meta name=\"twitter:data1\" content=\"1 minute\" \/>\n<script type=\"application\/ld+json\" class=\"yoast-schema-graph\">{\"@context\":\"https:\/\/schema.org\",\"@graph\":[{\"@type\":\"WebPage\",\"@id\":\"https:\/\/www.procertus.be\/faq-items\/a-la-suite-du-transfert-de-be-cert-vers-procertus-dois-je-apporter-des-modifications-lorsque-japplique-le-marquage-ce-dans-les-documents-daccompagnement\/\",\"url\":\"https:\/\/www.procertus.be\/faq-items\/a-la-suite-du-transfert-de-be-cert-vers-procertus-dois-je-apporter-des-modifications-lorsque-japplique-le-marquage-ce-dans-les-documents-daccompagnement\/\",\"name\":\"A la suite du transfert de BE-CERT vers PROCERTUS, dois-je apporter des modifications lorsque j\u2019applique le marquage CE dans les documents d\u2019accompagnement ? | PROCERTUS\",\"isPartOf\":{\"@id\":\"https:\/\/www.procertus.be\/fr\/#website\"},\"datePublished\":\"2024-07-05T08:11:03+00:00\",\"breadcrumb\":{\"@id\":\"https:\/\/www.procertus.be\/faq-items\/a-la-suite-du-transfert-de-be-cert-vers-procertus-dois-je-apporter-des-modifications-lorsque-japplique-le-marquage-ce-dans-les-documents-daccompagnement\/#breadcrumb\"},\"inLanguage\":\"fr-FR\",\"potentialAction\":[{\"@type\":\"ReadAction\",\"target\":[\"https:\/\/www.procertus.be\/faq-items\/a-la-suite-du-transfert-de-be-cert-vers-procertus-dois-je-apporter-des-modifications-lorsque-japplique-le-marquage-ce-dans-les-documents-daccompagnement\/\"]}]},{\"@type\":\"BreadcrumbList\",\"@id\":\"https:\/\/www.procertus.be\/faq-items\/a-la-suite-du-transfert-de-be-cert-vers-procertus-dois-je-apporter-des-modifications-lorsque-japplique-le-marquage-ce-dans-les-documents-daccompagnement\/#breadcrumb\",\"itemListElement\":[{\"@type\":\"ListItem\",\"position\":1,\"name\":\"Accueil\",\"item\":\"https:\/\/www.procertus.be\/fr\/\"},{\"@type\":\"ListItem\",\"position\":2,\"name\":\"FAQs\",\"item\":\"https:\/\/www.procertus.be\/fr\/faq-items\/\"},{\"@type\":\"ListItem\",\"position\":3,\"name\":\"A la suite du transfert de BE-CERT vers PROCERTUS, dois-je apporter des modifications lorsque j\u2019applique le marquage CE dans les documents d\u2019accompagnement ?\"}]},{\"@type\":\"WebSite\",\"@id\":\"https:\/\/www.procertus.be\/fr\/#website\",\"url\":\"https:\/\/www.procertus.be\/fr\/\",\"name\":\"PROCERTUS\",\"description\":\"Certification that builds trust\",\"publisher\":{\"@id\":\"https:\/\/www.procertus.be\/fr\/#organization\"},\"potentialAction\":[{\"@type\":\"SearchAction\",\"target\":{\"@type\":\"EntryPoint\",\"urlTemplate\":\"https:\/\/www.procertus.be\/fr\/?s={search_term_string}\"},\"query-input\":{\"@type\":\"PropertyValueSpecification\",\"valueRequired\":true,\"valueName\":\"search_term_string\"}}],\"inLanguage\":\"fr-FR\"},{\"@type\":\"Organization\",\"@id\":\"https:\/\/www.procertus.be\/fr\/#organization\",\"name\":\"PROCERTUS\",\"url\":\"https:\/\/www.procertus.be\/fr\/\",\"logo\":{\"@type\":\"ImageObject\",\"inLanguage\":\"fr-FR\",\"@id\":\"https:\/\/www.procertus.be\/fr\/#\/schema\/logo\/image\/\",\"url\":\"https:\/\/www.procertus.be\/wp-content\/uploads\/2024\/02\/Logo_Procertus_Full.png\",\"contentUrl\":\"https:\/\/www.procertus.be\/wp-content\/uploads\/2024\/02\/Logo_Procertus_Full.png\",\"width\":767,\"height\":200,\"caption\":\"PROCERTUS\"},\"image\":{\"@id\":\"https:\/\/www.procertus.be\/fr\/#\/schema\/logo\/image\/\"},\"sameAs\":[\"https:\/\/www.linkedin.com\/company\/procertusbe\"]}]}<\/script>\n<!-- \/ Yoast SEO plugin. -->","yoast_head_json":{"title":"A la suite du transfert de BE-CERT vers PROCERTUS, dois-je apporter des modifications lorsque j\u2019applique le marquage CE dans les documents d\u2019accompagnement ? | PROCERTUS","robots":{"index":"index","follow":"follow","max-snippet":"max-snippet:-1","max-image-preview":"max-image-preview:large","max-video-preview":"max-video-preview:-1"},"canonical":"https:\/\/www.procertus.be\/faq-items\/a-la-suite-du-transfert-de-be-cert-vers-procertus-dois-je-apporter-des-modifications-lorsque-japplique-le-marquage-ce-dans-les-documents-daccompagnement\/","og_locale":"fr_FR","og_type":"article","og_title":"A la suite du transfert de BE-CERT vers PROCERTUS, dois-je apporter des modifications lorsque j\u2019applique le marquage CE dans les documents d\u2019accompagnement ? | PROCERTUS","og_description":"NON Le marquage CE est suivi entre autres du num\u00e9ro [...]","og_url":"https:\/\/www.procertus.be\/faq-items\/a-la-suite-du-transfert-de-be-cert-vers-procertus-dois-je-apporter-des-modifications-lorsque-japplique-le-marquage-ce-dans-les-documents-daccompagnement\/","og_site_name":"PROCERTUS","og_image":[{"width":767,"height":200,"url":"https:\/\/www.procertus.be\/wp-content\/uploads\/2024\/02\/Logo_Procertus_Full.png","type":"image\/png"}],"twitter_card":"summary_large_image","twitter_misc":{"Dur\u00e9e de lecture estim\u00e9e":"1 minute"},"schema":{"@context":"https:\/\/schema.org","@graph":[{"@type":"WebPage","@id":"https:\/\/www.procertus.be\/faq-items\/a-la-suite-du-transfert-de-be-cert-vers-procertus-dois-je-apporter-des-modifications-lorsque-japplique-le-marquage-ce-dans-les-documents-daccompagnement\/","url":"https:\/\/www.procertus.be\/faq-items\/a-la-suite-du-transfert-de-be-cert-vers-procertus-dois-je-apporter-des-modifications-lorsque-japplique-le-marquage-ce-dans-les-documents-daccompagnement\/","name":"A la suite du transfert de BE-CERT vers PROCERTUS, dois-je apporter des modifications lorsque j\u2019applique le marquage CE dans les documents d\u2019accompagnement ? | PROCERTUS","isPartOf":{"@id":"https:\/\/www.procertus.be\/fr\/#website"},"datePublished":"2024-07-05T08:11:03+00:00","breadcrumb":{"@id":"https:\/\/www.procertus.be\/faq-items\/a-la-suite-du-transfert-de-be-cert-vers-procertus-dois-je-apporter-des-modifications-lorsque-japplique-le-marquage-ce-dans-les-documents-daccompagnement\/#breadcrumb"},"inLanguage":"fr-FR","potentialAction":[{"@type":"ReadAction","target":["https:\/\/www.procertus.be\/faq-items\/a-la-suite-du-transfert-de-be-cert-vers-procertus-dois-je-apporter-des-modifications-lorsque-japplique-le-marquage-ce-dans-les-documents-daccompagnement\/"]}]},{"@type":"BreadcrumbList","@id":"https:\/\/www.procertus.be\/faq-items\/a-la-suite-du-transfert-de-be-cert-vers-procertus-dois-je-apporter-des-modifications-lorsque-japplique-le-marquage-ce-dans-les-documents-daccompagnement\/#breadcrumb","itemListElement":[{"@type":"ListItem","position":1,"name":"Accueil","item":"https:\/\/www.procertus.be\/fr\/"},{"@type":"ListItem","position":2,"name":"FAQs","item":"https:\/\/www.procertus.be\/fr\/faq-items\/"},{"@type":"ListItem","position":3,"name":"A la suite du transfert de BE-CERT vers PROCERTUS, dois-je apporter des modifications lorsque j\u2019applique le marquage CE dans les documents d\u2019accompagnement ?"}]},{"@type":"WebSite","@id":"https:\/\/www.procertus.be\/fr\/#website","url":"https:\/\/www.procertus.be\/fr\/","name":"PROCERTUS","description":"Certification that builds trust","publisher":{"@id":"https:\/\/www.procertus.be\/fr\/#organization"},"potentialAction":[{"@type":"SearchAction","target":{"@type":"EntryPoint","urlTemplate":"https:\/\/www.procertus.be\/fr\/?s={search_term_string}"},"query-input":{"@type":"PropertyValueSpecification","valueRequired":true,"valueName":"search_term_string"}}],"inLanguage":"fr-FR"},{"@type":"Organization","@id":"https:\/\/www.procertus.be\/fr\/#organization","name":"PROCERTUS","url":"https:\/\/www.procertus.be\/fr\/","logo":{"@type":"ImageObject","inLanguage":"fr-FR","@id":"https:\/\/www.procertus.be\/fr\/#\/schema\/logo\/image\/","url":"https:\/\/www.procertus.be\/wp-content\/uploads\/2024\/02\/Logo_Procertus_Full.png","contentUrl":"https:\/\/www.procertus.be\/wp-content\/uploads\/2024\/02\/Logo_Procertus_Full.png","width":767,"height":200,"caption":"PROCERTUS"},"image":{"@id":"https:\/\/www.procertus.be\/fr\/#\/schema\/logo\/image\/"},"sameAs":["https:\/\/www.linkedin.com\/company\/procertusbe"]}]}},"_links":{"self":[{"href":"https:\/\/www.procertus.be\/fr\/wp-json\/wp\/v2\/avada_faq\/3668","targetHints":{"allow":["GET"]}}],"collection":[{"href":"https:\/\/www.procertus.be\/fr\/wp-json\/wp\/v2\/avada_faq"}],"about":[{"href":"https:\/\/www.procertus.be\/fr\/wp-json\/wp\/v2\/types\/avada_faq"}],"author":[{"embeddable":true,"href":"https:\/\/www.procertus.be\/fr\/wp-json\/wp\/v2\/users\/2"}],"replies":[{"embeddable":true,"href":"https:\/\/www.procertus.be\/fr\/wp-json\/wp\/v2\/comments?post=3668"}],"version-history":[{"count":0,"href":"https:\/\/www.procertus.be\/fr\/wp-json\/wp\/v2\/avada_faq\/3668\/revisions"}],"wp:attachment":[{"href":"https:\/\/www.procertus.be\/fr\/wp-json\/wp\/v2\/media?parent=3668"}],"wp:term":[{"taxonomy":"faq_category","embeddable":true,"href":"https:\/\/www.procertus.be\/fr\/wp-json\/wp\/v2\/faq_category?post=3668"}],"curies":[{"name":"wp","href":"https:\/\/api.w.org\/{rel}","templated":true}]}}

<p><strong>NON</strong></p>
<p>Le marquage CE est suivi entre autres du numéro de référence de la déclaration des performances (DoP) et du numéro d’identification de l’organisme notifié (0965).</p>
<ul>
<li>Étant donné que le numéro de référence de la déclaration des performances (DoP) peut être choisi librement, vous pouvez continuer d’utiliser vos documents. Vous devez toutefois veiller à ce que le même numéro soit mentionné lorsque vous appliquez le marquage CE (documents et emballages). Si vous choisissez quand même un nouveau numéro (par exemple le nouveau numéro de certificat), vous devez veiller à ce que ce nouveau numéro soit toujours mentionné lorsque vous appliquez le marquage CE (déclaration des performances (DoP) et emballages).</li>
<li>Le numéro d’identification de BE-CERT en tant qu’organisme notifié (0965) a été repris par PROCERTUS et ne doit donc pas être modifié.</li>
</ul>

<p>NON Le marquage CE est suivi entre autres du numéro  [&#8230;]</p>

<!-- This site is optimized with the Yoast SEO plugin v26.9 - https://yoast.com/product/yoast-seo-wordpress/ -->
<title>A la suite du transfert de BE-CERT vers PROCERTUS, dois-je apporter des modifications lorsque j’applique le marquage CE dans les documents d’accompagnement ? | PROCERTUS</title>
<meta name="robots" content="index, follow, max-snippet:-1, max-image-preview:large, max-video-preview:-1" />
<link rel="canonical" href="https://www.procertus.be/faq-items/a-la-suite-du-transfert-de-be-cert-vers-procertus-dois-je-apporter-des-modifications-lorsque-japplique-le-marquage-ce-dans-les-documents-daccompagnement/" />
<meta property="og:locale" content="fr_FR" />
<meta property="og:type" content="article" />
<meta property="og:title" content="A la suite du transfert de BE-CERT vers PROCERTUS, dois-je apporter des modifications lorsque j’applique le marquage CE dans les documents d’accompagnement ? | PROCERTUS" />
<meta property="og:description" content="NON Le marquage CE est suivi entre autres du numéro [...]" />
<meta property="og:url" content="https://www.procertus.be/faq-items/a-la-suite-du-transfert-de-be-cert-vers-procertus-dois-je-apporter-des-modifications-lorsque-japplique-le-marquage-ce-dans-les-documents-daccompagnement/" />
<meta property="og:site_name" content="PROCERTUS" />
<meta property="og:image" content="https://www.procertus.be/wp-content/uploads/2024/02/Logo_Procertus_Full.png" />
	<meta property="og:image:width" content="767" />
	<meta property="og:image:height" content="200" />
	<meta property="og:image:type" content="image/png" />
<meta name="twitter:card" content="summary_large_image" />
<meta name="twitter:label1" content="Durée de lecture estimée" />
	<meta name="twitter:data1" content="1 minute" />
<script type="application/ld+json" class="yoast-schema-graph">{"@context":"https://schema.org","@graph":[{"@type":"WebPage","@id":"https://www.procertus.be/faq-items/a-la-suite-du-transfert-de-be-cert-vers-procertus-dois-je-apporter-des-modifications-lorsque-japplique-le-marquage-ce-dans-les-documents-daccompagnement/","url":"https://www.procertus.be/faq-items/a-la-suite-du-transfert-de-be-cert-vers-procertus-dois-je-apporter-des-modifications-lorsque-japplique-le-marquage-ce-dans-les-documents-daccompagnement/","name":"A la suite du transfert de BE-CERT vers PROCERTUS, dois-je apporter des modifications lorsque j’applique le marquage CE dans les documents d’accompagnement ? | PROCERTUS","isPartOf":{"@id":"https://www.procertus.be/fr/#website"},"datePublished":"2024-07-05T08:11:03+00:00","breadcrumb":{"@id":"https://www.procertus.be/faq-items/a-la-suite-du-transfert-de-be-cert-vers-procertus-dois-je-apporter-des-modifications-lorsque-japplique-le-marquage-ce-dans-les-documents-daccompagnement/#breadcrumb"},"inLanguage":"fr-FR","potentialAction":[{"@type":"ReadAction","target":["https://www.procertus.be/faq-items/a-la-suite-du-transfert-de-be-cert-vers-procertus-dois-je-apporter-des-modifications-lorsque-japplique-le-marquage-ce-dans-les-documents-daccompagnement/"]}]},{"@type":"BreadcrumbList","@id":"https://www.procertus.be/faq-items/a-la-suite-du-transfert-de-be-cert-vers-procertus-dois-je-apporter-des-modifications-lorsque-japplique-le-marquage-ce-dans-les-documents-daccompagnement/#breadcrumb","itemListElement":[{"@type":"ListItem","position":1,"name":"Accueil","item":"https://www.procertus.be/fr/"},{"@type":"ListItem","position":2,"name":"FAQs","item":"https://www.procertus.be/fr/faq-items/"},{"@type":"ListItem","position":3,"name":"A la suite du transfert de BE-CERT vers PROCERTUS, dois-je apporter des modifications lorsque j’applique le marquage CE dans les documents d’accompagnement ?"}]},{"@type":"WebSite","@id":"https://www.procertus.be/fr/#website","url":"https://www.procertus.be/fr/","name":"PROCERTUS","description":"Certification that builds trust","publisher":{"@id":"https://www.procertus.be/fr/#organization"},"potentialAction":[{"@type":"SearchAction","target":{"@type":"EntryPoint","urlTemplate":"https://www.procertus.be/fr/?s={search_term_string}"},"query-input":{"@type":"PropertyValueSpecification","valueRequired":true,"valueName":"search_term_string"}}],"inLanguage":"fr-FR"},{"@type":"Organization","@id":"https://www.procertus.be/fr/#organization","name":"PROCERTUS","url":"https://www.procertus.be/fr/","logo":{"@type":"ImageObject","inLanguage":"fr-FR","@id":"https://www.procertus.be/fr/#/schema/logo/image/","url":"https://www.procertus.be/wp-content/uploads/2024/02/Logo_Procertus_Full.png","contentUrl":"https://www.procertus.be/wp-content/uploads/2024/02/Logo_Procertus_Full.png","width":767,"height":200,"caption":"PROCERTUS"},"image":{"@id":"https://www.procertus.be/fr/#/schema/logo/image/"},"sameAs":["https://www.linkedin.com/company/procertusbe"]}]}</script>
<!-- / Yoast SEO plugin. -->

NON Le marquage CE est suivi entre autres du numéro [...]
