{"id":4008,"date":"2024-12-13T14:23:10","date_gmt":"2024-12-13T13:23:10","guid":{"rendered":"https:\/\/www.procertus.be\/?page_id=4008"},"modified":"2024-12-13T14:39:54","modified_gmt":"2024-12-13T13:39:54","slug":"politique-de-confidentialite","status":"publish","type":"page","link":"https:\/\/www.procertus.be\/fr\/politique-de-confidentialite\/","title":{"rendered":"Politique de confidentialit\u00e9"},"content":{"rendered":"<div class=\"fusion-fullwidth fullwidth-box fusion-builder-row-1 fusion-flex-container nonhundred-percent-fullwidth non-hundred-percent-height-scrolling\" style=\"--awb-border-radius-top-left:0px;--awb-border-radius-top-right:0px;--awb-border-radius-bottom-right:0px;--awb-border-radius-bottom-left:0px;--awb-flex-wrap:wrap;\" ><div class=\"fusion-builder-row fusion-row fusion-flex-align-items-flex-start fusion-flex-content-wrap\" style=\"max-width:1456px;margin-left: calc(-4% \/ 2 );margin-right: calc(-4% \/ 2 );\"><div class=\"fusion-layout-column fusion_builder_column fusion-builder-column-0 fusion_builder_column_1_1 1_1 fusion-flex-column\" style=\"--awb-bg-size:cover;--awb-width-large:100%;--awb-margin-top-large:0px;--awb-spacing-right-large:1.92%;--awb-margin-bottom-large:0px;--awb-spacing-left-large:1.92%;--awb-width-medium:100%;--awb-spacing-right-medium:1.92%;--awb-spacing-left-medium:1.92%;--awb-width-small:100%;--awb-spacing-right-small:1.92%;--awb-spacing-left-small:1.92%;\"><div class=\"fusion-column-wrapper fusion-flex-justify-content-flex-start fusion-content-layout-column\"><div class=\"fusion-text fusion-text-1\"><p>La pr\u00e9sente Politique de confidentialit\u00e9 est \u00e9tablie par PROCERTUS ASBL, dont le si\u00e8ge social est situ\u00e9 Avenue Jules Bordet, 11 \u00e0 1140 Bruxelles, et inscrite \u00e0 la Banque Carrefour des entreprises sous le num\u00e9ro 1000.472.054 (ci-apr\u00e8s d\u00e9nomm\u00e9e \u00ab PROCERTUS \u00bb).<\/p>\n<p>PROCERTUS assume l&rsquo;enti\u00e8re responsabilit\u00e9 de la gestion de toutes les informations obtenues ou cr\u00e9\u00e9es dans le cadre d&rsquo;une convention. Cette responsabilit\u00e9 est d\u00e9finie dans des accords juridiquement ex\u00e9cutoires, qui garantissent que les informations :<\/p>\n<ol>\n<li>Sont s\u00e9curis\u00e9es conform\u00e9ment aux lois et r\u00e9glementations applicables, y compris les dispositions relatives \u00e0 la protection des donn\u00e9es et \u00e0 la confidentialit\u00e9.<\/li>\n<li>Sont correctement g\u00e9r\u00e9es, y compris le stockage, le traitement et l&rsquo;accessibilit\u00e9 s\u00e9curis\u00e9s, garantissant l&rsquo;int\u00e9grit\u00e9 et la qualit\u00e9 des donn\u00e9es.<\/li>\n<li>Sont utilis\u00e9es uniquement aux fins convenues entre les parties concern\u00e9es.<\/li>\n<li>Ne sont ni partag\u00e9es, ni distribu\u00e9es sans l&rsquo;autorisation \u00e9crite expresse du client ou tel que requis par la loi.<\/li>\n<\/ol>\n<p>Ces accords juridiques garantissent que toutes les informations sont trait\u00e9es de mani\u00e8re transparente, professionnelle et conforme, et que les droits du client sont prot\u00e9g\u00e9s \u00e0 tout moment.<\/p>\n<p>La pr\u00e9sente version de la Politique de confidentialit\u00e9 date du 12\/12\/2024.<\/p>\n<\/div><\/div><\/div><\/div><\/div>\n","protected":false},"excerpt":{"rendered":"","protected":false},"author":2,"featured_media":0,"parent":0,"menu_order":0,"comment_status":"closed","ping_status":"open","template":"","meta":{"footnotes":""},"class_list":["post-4008","page","type-page","status-publish","hentry"],"yoast_head":"<!-- This site is optimized with the Yoast SEO plugin v26.9 - https:\/\/yoast.com\/product\/yoast-seo-wordpress\/ -->\n<title>Politique de confidentialit\u00e9 | PROCERTUS<\/title>\n<meta name=\"robots\" content=\"index, follow, max-snippet:-1, max-image-preview:large, max-video-preview:-1\" \/>\n<link rel=\"canonical\" href=\"https:\/\/www.procertus.be\/fr\/politique-de-confidentialite\/\" \/>\n<meta property=\"og:locale\" content=\"fr_FR\" \/>\n<meta property=\"og:type\" content=\"article\" \/>\n<meta property=\"og:title\" content=\"Politique de confidentialit\u00e9 | PROCERTUS\" \/>\n<meta property=\"og:url\" content=\"https:\/\/www.procertus.be\/fr\/politique-de-confidentialite\/\" \/>\n<meta property=\"og:site_name\" content=\"PROCERTUS\" \/>\n<meta property=\"article:modified_time\" content=\"2024-12-13T13:39:54+00:00\" \/>\n<meta property=\"og:image\" content=\"https:\/\/www.procertus.be\/wp-content\/uploads\/2024\/02\/Logo_Procertus_Full.png\" \/>\n\t<meta property=\"og:image:width\" content=\"767\" \/>\n\t<meta property=\"og:image:height\" content=\"200\" \/>\n\t<meta property=\"og:image:type\" content=\"image\/png\" \/>\n<meta name=\"twitter:card\" content=\"summary_large_image\" \/>\n<meta name=\"twitter:label1\" content=\"Dur\u00e9e de lecture estim\u00e9e\" \/>\n\t<meta name=\"twitter:data1\" content=\"1 minute\" \/>\n<script type=\"application\/ld+json\" class=\"yoast-schema-graph\">{\"@context\":\"https:\/\/schema.org\",\"@graph\":[{\"@type\":\"WebPage\",\"@id\":\"https:\/\/www.procertus.be\/fr\/politique-de-confidentialite\/\",\"url\":\"https:\/\/www.procertus.be\/fr\/politique-de-confidentialite\/\",\"name\":\"Politique de confidentialit\u00e9 | PROCERTUS\",\"isPartOf\":{\"@id\":\"https:\/\/www.procertus.be\/fr\/#website\"},\"datePublished\":\"2024-12-13T13:23:10+00:00\",\"dateModified\":\"2024-12-13T13:39:54+00:00\",\"breadcrumb\":{\"@id\":\"https:\/\/www.procertus.be\/fr\/politique-de-confidentialite\/#breadcrumb\"},\"inLanguage\":\"fr-FR\",\"potentialAction\":[{\"@type\":\"ReadAction\",\"target\":[\"https:\/\/www.procertus.be\/fr\/politique-de-confidentialite\/\"]}]},{\"@type\":\"BreadcrumbList\",\"@id\":\"https:\/\/www.procertus.be\/fr\/politique-de-confidentialite\/#breadcrumb\",\"itemListElement\":[{\"@type\":\"ListItem\",\"position\":1,\"name\":\"Accueil\",\"item\":\"https:\/\/www.procertus.be\/fr\/\"},{\"@type\":\"ListItem\",\"position\":2,\"name\":\"Politique de confidentialit\u00e9\"}]},{\"@type\":\"WebSite\",\"@id\":\"https:\/\/www.procertus.be\/fr\/#website\",\"url\":\"https:\/\/www.procertus.be\/fr\/\",\"name\":\"PROCERTUS\",\"description\":\"Certification that builds trust\",\"publisher\":{\"@id\":\"https:\/\/www.procertus.be\/fr\/#organization\"},\"potentialAction\":[{\"@type\":\"SearchAction\",\"target\":{\"@type\":\"EntryPoint\",\"urlTemplate\":\"https:\/\/www.procertus.be\/fr\/?s={search_term_string}\"},\"query-input\":{\"@type\":\"PropertyValueSpecification\",\"valueRequired\":true,\"valueName\":\"search_term_string\"}}],\"inLanguage\":\"fr-FR\"},{\"@type\":\"Organization\",\"@id\":\"https:\/\/www.procertus.be\/fr\/#organization\",\"name\":\"PROCERTUS\",\"url\":\"https:\/\/www.procertus.be\/fr\/\",\"logo\":{\"@type\":\"ImageObject\",\"inLanguage\":\"fr-FR\",\"@id\":\"https:\/\/www.procertus.be\/fr\/#\/schema\/logo\/image\/\",\"url\":\"https:\/\/www.procertus.be\/wp-content\/uploads\/2024\/02\/Logo_Procertus_Full.png\",\"contentUrl\":\"https:\/\/www.procertus.be\/wp-content\/uploads\/2024\/02\/Logo_Procertus_Full.png\",\"width\":767,\"height\":200,\"caption\":\"PROCERTUS\"},\"image\":{\"@id\":\"https:\/\/www.procertus.be\/fr\/#\/schema\/logo\/image\/\"},\"sameAs\":[\"https:\/\/www.linkedin.com\/company\/procertusbe\"]}]}<\/script>\n<!-- \/ Yoast SEO plugin. -->","yoast_head_json":{"title":"Politique de confidentialit\u00e9 | PROCERTUS","robots":{"index":"index","follow":"follow","max-snippet":"max-snippet:-1","max-image-preview":"max-image-preview:large","max-video-preview":"max-video-preview:-1"},"canonical":"https:\/\/www.procertus.be\/fr\/politique-de-confidentialite\/","og_locale":"fr_FR","og_type":"article","og_title":"Politique de confidentialit\u00e9 | PROCERTUS","og_url":"https:\/\/www.procertus.be\/fr\/politique-de-confidentialite\/","og_site_name":"PROCERTUS","article_modified_time":"2024-12-13T13:39:54+00:00","og_image":[{"width":767,"height":200,"url":"https:\/\/www.procertus.be\/wp-content\/uploads\/2024\/02\/Logo_Procertus_Full.png","type":"image\/png"}],"twitter_card":"summary_large_image","twitter_misc":{"Dur\u00e9e de lecture estim\u00e9e":"1 minute"},"schema":{"@context":"https:\/\/schema.org","@graph":[{"@type":"WebPage","@id":"https:\/\/www.procertus.be\/fr\/politique-de-confidentialite\/","url":"https:\/\/www.procertus.be\/fr\/politique-de-confidentialite\/","name":"Politique de confidentialit\u00e9 | PROCERTUS","isPartOf":{"@id":"https:\/\/www.procertus.be\/fr\/#website"},"datePublished":"2024-12-13T13:23:10+00:00","dateModified":"2024-12-13T13:39:54+00:00","breadcrumb":{"@id":"https:\/\/www.procertus.be\/fr\/politique-de-confidentialite\/#breadcrumb"},"inLanguage":"fr-FR","potentialAction":[{"@type":"ReadAction","target":["https:\/\/www.procertus.be\/fr\/politique-de-confidentialite\/"]}]},{"@type":"BreadcrumbList","@id":"https:\/\/www.procertus.be\/fr\/politique-de-confidentialite\/#breadcrumb","itemListElement":[{"@type":"ListItem","position":1,"name":"Accueil","item":"https:\/\/www.procertus.be\/fr\/"},{"@type":"ListItem","position":2,"name":"Politique de confidentialit\u00e9"}]},{"@type":"WebSite","@id":"https:\/\/www.procertus.be\/fr\/#website","url":"https:\/\/www.procertus.be\/fr\/","name":"PROCERTUS","description":"Certification that builds trust","publisher":{"@id":"https:\/\/www.procertus.be\/fr\/#organization"},"potentialAction":[{"@type":"SearchAction","target":{"@type":"EntryPoint","urlTemplate":"https:\/\/www.procertus.be\/fr\/?s={search_term_string}"},"query-input":{"@type":"PropertyValueSpecification","valueRequired":true,"valueName":"search_term_string"}}],"inLanguage":"fr-FR"},{"@type":"Organization","@id":"https:\/\/www.procertus.be\/fr\/#organization","name":"PROCERTUS","url":"https:\/\/www.procertus.be\/fr\/","logo":{"@type":"ImageObject","inLanguage":"fr-FR","@id":"https:\/\/www.procertus.be\/fr\/#\/schema\/logo\/image\/","url":"https:\/\/www.procertus.be\/wp-content\/uploads\/2024\/02\/Logo_Procertus_Full.png","contentUrl":"https:\/\/www.procertus.be\/wp-content\/uploads\/2024\/02\/Logo_Procertus_Full.png","width":767,"height":200,"caption":"PROCERTUS"},"image":{"@id":"https:\/\/www.procertus.be\/fr\/#\/schema\/logo\/image\/"},"sameAs":["https:\/\/www.linkedin.com\/company\/procertusbe"]}]}},"_links":{"self":[{"href":"https:\/\/www.procertus.be\/fr\/wp-json\/wp\/v2\/pages\/4008","targetHints":{"allow":["GET"]}}],"collection":[{"href":"https:\/\/www.procertus.be\/fr\/wp-json\/wp\/v2\/pages"}],"about":[{"href":"https:\/\/www.procertus.be\/fr\/wp-json\/wp\/v2\/types\/page"}],"author":[{"embeddable":true,"href":"https:\/\/www.procertus.be\/fr\/wp-json\/wp\/v2\/users\/2"}],"replies":[{"embeddable":true,"href":"https:\/\/www.procertus.be\/fr\/wp-json\/wp\/v2\/comments?post=4008"}],"version-history":[{"count":3,"href":"https:\/\/www.procertus.be\/fr\/wp-json\/wp\/v2\/pages\/4008\/revisions"}],"predecessor-version":[{"id":4022,"href":"https:\/\/www.procertus.be\/fr\/wp-json\/wp\/v2\/pages\/4008\/revisions\/4022"}],"wp:attachment":[{"href":"https:\/\/www.procertus.be\/fr\/wp-json\/wp\/v2\/media?parent=4008"}],"curies":[{"name":"wp","href":"https:\/\/api.w.org\/{rel}","templated":true}]}}

Politique de confidentialité

<div class="fusion-fullwidth fullwidth-box fusion-builder-row-1 fusion-flex-container nonhundred-percent-fullwidth non-hundred-percent-height-scrolling" style="--awb-border-radius-top-left:0px;--awb-border-radius-top-right:0px;--awb-border-radius-bottom-right:0px;--awb-border-radius-bottom-left:0px;--awb-flex-wrap:wrap;" ><div class="fusion-builder-row fusion-row fusion-flex-align-items-flex-start fusion-flex-content-wrap" style="max-width:1456px;margin-left: calc(-4% / 2 );margin-right: calc(-4% / 2 );"><div class="fusion-layout-column fusion_builder_column fusion-builder-column-0 fusion_builder_column_1_1 1_1 fusion-flex-column" style="--awb-bg-size:cover;--awb-width-large:100%;--awb-margin-top-large:0px;--awb-spacing-right-large:1.92%;--awb-margin-bottom-large:0px;--awb-spacing-left-large:1.92%;--awb-width-medium:100%;--awb-spacing-right-medium:1.92%;--awb-spacing-left-medium:1.92%;--awb-width-small:100%;--awb-spacing-right-small:1.92%;--awb-spacing-left-small:1.92%;"><div class="fusion-column-wrapper fusion-flex-justify-content-flex-start fusion-content-layout-column"><div class="fusion-text fusion-text-1"><p>La présente Politique de confidentialité est établie par PROCERTUS ASBL, dont le siège social est situé Avenue Jules Bordet, 11 à 1140 Bruxelles, et inscrite à la Banque Carrefour des entreprises sous le numéro 1000.472.054 (ci-après dénommée « PROCERTUS »).</p>
<p>PROCERTUS assume l&rsquo;entière responsabilité de la gestion de toutes les informations obtenues ou créées dans le cadre d&rsquo;une convention. Cette responsabilité est définie dans des accords juridiquement exécutoires, qui garantissent que les informations :</p>
<ol>
<li>Sont sécurisées conformément aux lois et réglementations applicables, y compris les dispositions relatives à la protection des données et à la confidentialité.</li>
<li>Sont correctement gérées, y compris le stockage, le traitement et l&rsquo;accessibilité sécurisés, garantissant l&rsquo;intégrité et la qualité des données.</li>
<li>Sont utilisées uniquement aux fins convenues entre les parties concernées.</li>
<li>Ne sont ni partagées, ni distribuées sans l&rsquo;autorisation écrite expresse du client ou tel que requis par la loi.</li>
</ol>
<p>Ces accords juridiques garantissent que toutes les informations sont traitées de manière transparente, professionnelle et conforme, et que les droits du client sont protégés à tout moment.</p>
<p>La présente version de la Politique de confidentialité date du 12/12/2024.</p>
</div></div></div></div></div>

<!-- This site is optimized with the Yoast SEO plugin v26.9 - https://yoast.com/product/yoast-seo-wordpress/ -->
<title>Politique de confidentialité | PROCERTUS</title>
<meta name="robots" content="index, follow, max-snippet:-1, max-image-preview:large, max-video-preview:-1" />
<link rel="canonical" href="https://www.procertus.be/fr/politique-de-confidentialite/" />
<meta property="og:locale" content="fr_FR" />
<meta property="og:type" content="article" />
<meta property="og:title" content="Politique de confidentialité | PROCERTUS" />
<meta property="og:url" content="https://www.procertus.be/fr/politique-de-confidentialite/" />
<meta property="og:site_name" content="PROCERTUS" />
<meta property="article:modified_time" content="2024-12-13T13:39:54+00:00" />
<meta property="og:image" content="https://www.procertus.be/wp-content/uploads/2024/02/Logo_Procertus_Full.png" />
	<meta property="og:image:width" content="767" />
	<meta property="og:image:height" content="200" />
	<meta property="og:image:type" content="image/png" />
<meta name="twitter:card" content="summary_large_image" />
<meta name="twitter:label1" content="Durée de lecture estimée" />
	<meta name="twitter:data1" content="1 minute" />
<script type="application/ld+json" class="yoast-schema-graph">{"@context":"https://schema.org","@graph":[{"@type":"WebPage","@id":"https://www.procertus.be/fr/politique-de-confidentialite/","url":"https://www.procertus.be/fr/politique-de-confidentialite/","name":"Politique de confidentialité | PROCERTUS","isPartOf":{"@id":"https://www.procertus.be/fr/#website"},"datePublished":"2024-12-13T13:23:10+00:00","dateModified":"2024-12-13T13:39:54+00:00","breadcrumb":{"@id":"https://www.procertus.be/fr/politique-de-confidentialite/#breadcrumb"},"inLanguage":"fr-FR","potentialAction":[{"@type":"ReadAction","target":["https://www.procertus.be/fr/politique-de-confidentialite/"]}]},{"@type":"BreadcrumbList","@id":"https://www.procertus.be/fr/politique-de-confidentialite/#breadcrumb","itemListElement":[{"@type":"ListItem","position":1,"name":"Accueil","item":"https://www.procertus.be/fr/"},{"@type":"ListItem","position":2,"name":"Politique de confidentialité"}]},{"@type":"WebSite","@id":"https://www.procertus.be/fr/#website","url":"https://www.procertus.be/fr/","name":"PROCERTUS","description":"Certification that builds trust","publisher":{"@id":"https://www.procertus.be/fr/#organization"},"potentialAction":[{"@type":"SearchAction","target":{"@type":"EntryPoint","urlTemplate":"https://www.procertus.be/fr/?s={search_term_string}"},"query-input":{"@type":"PropertyValueSpecification","valueRequired":true,"valueName":"search_term_string"}}],"inLanguage":"fr-FR"},{"@type":"Organization","@id":"https://www.procertus.be/fr/#organization","name":"PROCERTUS","url":"https://www.procertus.be/fr/","logo":{"@type":"ImageObject","inLanguage":"fr-FR","@id":"https://www.procertus.be/fr/#/schema/logo/image/","url":"https://www.procertus.be/wp-content/uploads/2024/02/Logo_Procertus_Full.png","contentUrl":"https://www.procertus.be/wp-content/uploads/2024/02/Logo_Procertus_Full.png","width":767,"height":200,"caption":"PROCERTUS"},"image":{"@id":"https://www.procertus.be/fr/#/schema/logo/image/"},"sameAs":["https://www.linkedin.com/company/procertusbe"]}]}</script>
<!-- / Yoast SEO plugin. -->

Politique de confidentialité | PROCERTUS
